) = -2*b**3 + b**2 + 7*b - 7. Let s(n) = 5*n**3 - 2*n**2 - 20*n + 20. Let x(p) = 4*s(p) + 11*v(p). What is x(2)?
-7
Let s = 2 - -2. Suppose z = 2, 5*c - 9 = s*c - 3*z. Let q(m) = -4 + 4*m**2 + 2*m**3 + 5 - 3*m**3 - 4*m. Calculate q(c).
-2
Suppose n = 4, -2*l = -3*l + 4*n - 14. Suppose o - 5*o = -20. Suppose -o*q + l*q - 3 = 0. Let u(p) = p**2 - 1. Calculate u(q).
0
Let g be 36/48 + 2/8. Let j(i) be the first derivative of -g - 3*i + 1/2*i**2. Determine j(3).
0
Suppose -2*h = 3*n + n + 8, -3*h = -3*n - 6. Let f(x) = x. Give f(h).
0
Let v(g) = -g**3 + g**2 + 3*g + 4. Let w = -170 + 173. Determine v(w).
-5
Let c = 4 - 2. Suppose -c*u + 3 = -3. Let p(f) = -f + 2 - 3*f**2 + 5*f - u*f. Give p(2).
-8
Let j(f) = -2 - 2*f**3 - 3*f - 2*f**3 + 3*f**3 - 4*f**2. Suppose -2*w = -33 + 7. Suppose -4*z = 3 + w. Calculate j(z).
10
Suppose i = 5*i - 3*s - 13, -5*s - 15 = 0. Let y(r) = 17*r**2 - r + 1. Determine y(i).
17
Suppose -10 - 10 = -4*c. Let v(g) = g + 1. Let y be v(2). Let t(d) = 4 + 0 + 2*d - y*d. Calculate t(c).
-1
Suppose -13 + 5 = -2*u. Let w(n) = -5 - 2*n - u*n + 5*n. Let o be w(-8). Let z(x) = -x + 4. What is z(o)?
1
Let h(t) be the second derivative of t**6/720 + t**5/120 - 5*t**4/12 - 6*t. Let z(j) be the third derivative of h(j). What is z(-4)?
-3
Let q be 72/21 - 6/14. Let m(w) be the first derivative of w**4/12 - 2*w**3/3 - 3*w**2/2 - 3. Let l(b) be the second derivative of m(b). Calculate l(q).
2
Let i(n) = -1. Let o(k) = 4*k + 5. Let u(m) = 2*i(m) + o(m). Let h be u(-2). Let a(z) = -4*z - 3 + 4*z + 4*z - 3*z. Determine a(h).
-8
Suppose -q = -9*q + 8. Let m(f) = -44*f**2 - 3*f + 3. Let u(j) = -15*j**2 - j + 1. Let d(w) = -3*m(w) + 8*u(w). What is d(q)?
12
Let i(b) = b + 4. Let z be i(8). Let v(x) = -x + 13. What is v(z)?
1
Let h(j) = 6*j**2 + 14*j - 19. Let u(c) = -c**2 - 3*c + 4. Suppose -2*v - 2 = 20. Let w(r) = v*u(r) - 2*h(r). What is w(4)?
-2
Let j(p) = 5*p - 5*p + p. Let l(w) = w**2 + 14*w + 9. Let a be l(-13). Determine j(a).
-4
Let b(w) = w**2 - 5*w - 3. Let k(u) = 2*u**2 - 5*u - 3. Let v(o) = 3*b(o) - 2*k(o). Determine v(-7).
-17
Let y(d) = -2*d - 2. Let b be y(-4). Let s(w) = w - b + 0*w + 10. Give s(6).
10
Let i(j) be the second derivative of j**5/20 + j**4/6 + j**3/6 + j**2/2 - 2*j. What is i(-3)?
-11
Let s(o) = o**3 - 9*o**2 - 11*o + 15. Let d be s(10). Let t(p) = -p + 1. Let w(z) = 8 - 2*z - 6 + 5*z. Let r(v) = -4*t(v) - w(v). Determine r(d).
-1
Let w(n) = -7*n - 6. Let h(x) = 7*x + 5. Let l(u) = -5*h(u) - 4*w(u). Give l(-1).
6
Let a(y) = -5*y**2 + 6*y - 6*y + 1 - 2. Give a(1).
-6
Let y(t) = -2*t + 11. Suppose -3*m + 9 + 15 = 0. Determine y(m).
-5
Let d(a) be the second derivative of -a**6/120 - 7*a**5/60 - a**4/3 - a**3 + 7*a**2/2 - 6*a. Let s(z) be the first derivative of d(z). Calculate s(-6).
6
Let a = 41 - 44. Let f(t) = -t + 4. Determine f(a).
7
Let k be -5*3/6*-4. Suppose k = -u + 3*u. Let p(j) = 6 - 4*j**2 + j**3 + 4*j - 2*j**2 + 0*j. Determine p(u).
1
Let d(g) be the first derivative of -g**6/120 - g**5/12 - g**4/6 + 5*g**3/6 + g**2 - 1. Let u(l) be the second derivative of d(l). What is u(-4)?
5
Let o(f) = 4*f**2. Suppose 4*h - 3*s - 3 = 15, -10 = -4*h - s. Let k(t) = 4*t - 4*t**3 - 2 + 5*t**2 - 3*t**2 + 3*t**3. Let a be k(h). Give o(a).
4
Let r(o) be the third derivative of -o**6/120 - o**5/30 + 5*o**4/24 + o**3/3 - o**2. Let s be 5/(-1 + (2 - 0)). Suppose 5*f = -20 + s. Give r(f).
-4
Let b(d) = d**3 - 5*d**2 + d - 4. Let r(f) = -f - 10. Let o be r(-13). Suppose o*q = 5*q - 10. Determine b(q).
1
Let a(y) be the second derivative of -y**5/20 + y**4/3 + y**3/3 + y**2/2 - 8*y. Calculate a(4).
9
Let a(p) = 0*p**2 + 5*p**2 + 0 - 1 - p**3 - 7*p + 2*p**2. What is a(6)?
-7
Let d(u) = -10*u + 55. Let i(l) = -3*l + 18. Let q(j) = -2*d(j) + 7*i(j). Calculate q(0).
16
Let y(c) = -c**3 + 7*c**2 - 7 + 2*c**3 + 6 + 0 + 6*c. Give y(-6).
-1
Suppose -5*g + 3*l - 33 = 0, -l + 22 = -4*g - 3*l. Let n(w) = -w**3 - 5*w**2 + 7*w + 7. Let r be n(g). Let t(k) = 9*k - 1. Determine t(r).
8
Let w(c) = 1 - 5*c + 3*c + 2*c**2 + 2*c**2 + 3*c. Let j be w(-1). Let p(d) = -d**3 + 5*d**2 - 6*d + 3. Give p(j).
-5
Let x(f) = -f**3 + 5*f**2 - 4*f - 4. Let l = 11 - 9. Let s be l/(-7) + (-60)/(-14). Give x(s).
-4
Let v = -75 + 72. Let o(z) be the second derivative of z**5/20 + z**4/6 - 2*z**3/3 - z**2 + z. Give o(v).
1
Let x(f) = 4 + 3*f - 9*f - f**3 - 4*f**2 + 4*f. What is x(-4)?
12
Suppose 0 = 2*s + 3*s + 20. Let o = s - -2. Let w(q) be the second derivative of -q**5/10 - q**4/12 + q**3/2 + q**2 + 2*q. Calculate w(o).
8
Let x(f) = -3 - 3 + 5 + f + 2. Calculate x(-1).
0
Let w(v) = -6 + 5 - 2 + v. Suppose 0 = -7*i + 8*i - 4. Give w(i).
1
Suppose -4*a + 26 = 2*b, 5*b - 43 = -2*a - 10. Let d(i) = -3*i - 2 + a + i - 3*i. Let y = -20 - -22. Calculate d(y).
-8
Let p(i) = -i**2 + 6 - i - i**3 - 2*i - 5*i**2. What is p(-5)?
-4
Let y(m) = -m**3 + 14*m**2 - 14*m + 15. Let h be y(13). Let j(s) = 85*s - 2*s**h + s**2 - 84*s + 8. Give j(0).
8
Let h(u) be the second derivative of u**4/12 + 7*u**3/6 + u**2/2 - 4*u. Determine h(-6).
-5
Let c(z) = z**2 + 3*z - 3. Suppose 3*b - 6 = 4*b. Calculate c(b).
15
Let j(a) = 15*a**2 - a - 1 - 14*a**2 - 2. Give j(3).
3
Let w(n) = 6*n + 7. Let b(g) = -7*g - 8. Let x(l) = 4*b(l) + 5*w(l). Calculate x(-3).
-3
Let n(d) = d**2 - 7*d. Suppose 2 = c - 5. Suppose -c = 2*u - 17. What is n(u)?
-10
Let g be 40/50*(-5)/(-2). Let o(d) = -6*d**3 - d**2 - 2*d. Let y(x) = -12*x**3 - 3*x**2 - 5*x. Let h(k) = g*y(k) - 5*o(k). Calculate h(-1).
-7
Let q(k) be the second derivative of k**5/20 - k**4/3 - 2*k**3/3 - 2*k**2 - k. Let m(n) = n**3 - 5*n**2 - 2*n - 19. Let z be m(6). Determine q(z).
1
Let w(b) = -b**3 - b**2 + 5*b + 2. Let i be w(-3). Let z(x) be the third derivative of 0*x - 1/30*x**i + 0 - x**2 + 1/6*x**4 - 1/2*x**3. Determine z(2).
-3
Let l(m) be the second derivative of -m**4/12 + 5*m**3/6 + 3*m**2/2 + m. Suppose 1 = 2*q - 1. Let b be (-3 - 0/q)*-2. Calculate l(b).
-3
Let w be (-2)/(-3 + (1 - 0)). Let h = w + 1. Let z(s) = -s**2 + 0*s**2 + 3*s + 2*s**h - 4. Determine z(-4).
0
Let o(a) = 1 - 3*a + 2*a - a**2 - a**2 + a**2. What is o(-2)?
-1
Let q(s) = -s**3 - 3. Suppose -2*v + 3*g = 2*v - 5, 0 = -v - 4*g + 6. Let x be 0/(v + (2 - 3)). What is q(x)?
-3
Let d = -5 + 6. Let m(q) be the second derivative of q**5/10 - q**3/3 + q**2/2 + 2*q. What is m(d)?
1
Let n(t) = -2*t - 7. Let b(s) = s**3 + 12*s**2 + 33*s. Let c be b(-8). Give n(c).
9
Let g(a) = a**3 - 9*a**2 + 5. Let f be g(9). Suppose -f*b = 4*u - 9 - 3, -12 = -4*u. Let r(m) = m**3 - 9. Give r(b).
-9
Suppose 4*o = -0*o + 8. Let y(m) = -3*m**3 - 8 - 4*m - 5*m**o - m**3 + 5*m**3. Let v(f) = f**3 + 5*f**2 + 6. Let t be v(-5). Determine y(t).
4
Let v be (-2)/((-4)/(4/(-2))). Let s(m) = -10*m. Give s(v).
10
Let u(i) = -i**2 + 4*i - 1. Let y be 6/(-33) + (-328)/11. Let l be (-198)/y - (-2)/5. Suppose 0 = 4*a - t - 16, 5*t - t = -3*a - l. Calculate u(a).
2
Let b(j) = j**2 + j - 9. Let x(a) = 2*a**2 + 2*a - 8. Let z(f) = 3*b(f) - 2*x(f). Let v be (3 - 9/3)/1. Give z(v).
-11
Let k(p) = -2*p**3 - p**2 + 2. Let h(x) = 5*x**3 + 3*x**2 - 5. Let q(c) = -3*h(c) - 7*k(c). Determine q(-3).
10
Let j(p) = 9*p**2 - 4*p - 3. Let r(o) = -7*o**2 + 3*o + 3. Let c(l) = 3*j(l) + 4*r(l). Suppose -2*s - 1 = -s. Let h = -1 - s. What is c(h)?
3
Let t(u) = u**3 + 4*u**2 - 6*u - 7. Let c be (1/3)/(3/(-45)). Give t(c).
-2
Let h(t) = -12*t + 6*t + 7 + 10*t - 3*t. Give h(-6).
1
Let x be 16/6*(-17 - 1). Let r be x/(-21) + (-4)/14. Let g(b) = -6*b**3 + 2*b**r + b**3 - 3*b**2. Calculate g(1).
-6
Let i(h) = -3*h**2 + 2*h - 1. Suppose 2 + 2 = 4*c. Let q(k) = 2*k - 3*k - 3*k**2 + 2*k**2 - 1 + 2*k. Let o(w) = c*i(w) - 2*q(w). Calculate o(1).
0
Let n(v) = 11*v**3 - 23*v**2 + 9*v + 2. Let j(f) = -7*f**3 + 15*f**2 - 6*f - 1. Let w(x) = 8*j(x) + 5*n(x). Calculate w(4).
6
Let y(o) be the second derivative of o**6/360 - o**5/20 - o**4/24 - o**3/6 + o. Let m(g) be the second derivative of y(g). Calculate m(6).
-1
Let k be (-168)/(-27) + (-4)/18. Let l(j) = 3*j**2 - j - 8. Let h(n) = n**2 - 3. Let g(o) = k*l(o) - 17*h(o). What is g(2)?
-5
Let v(f) = -f - 1 + 6 - 2. Let s be v(4). Let q(a) = 4*a**3 - 5*a**2 + 2*a. Let i(b) = -8*b**3 + 9*b**2 - 3*b. Let n(w) = -3*i(w) - 5*q(w). Give n(s).
-5
Let p(i) be the third derivative of -i**5/60 -